(-10) - 3).
2, 109
Suppose 46*f = 61*f - 202110. List the prime factors of f.
2, 6737
Let o = 81 + -77. Let l be (-58)/((o/2)/(-1)). List the prime factors of (-8 + l)/(2 - 1).
3, 7
List the prime factors of (321/5 - 1)/((-474)/(-15405)).
2, 13, 79
Let o(n) = n**2 - 11*n - 874. What are the prime factors of o(-111)?
2, 3167
Suppose -16*m + 36 = -76. Suppose -5*d - m = 8, -5*d = -3*f + 372. List the prime factors of f.
7, 17
Let y = -1 - -1. Suppose 3*t = 3*p + 2*p - 1338, -5*t - 1060 = -4*p. Suppose -6*b + b + p = y. What are the prime factors of b?
2, 3
Suppose -3*m = -r - 1386, 919 = 2*m + 9*r - 8*r. Let p = -19 + m. What are the prime factors of p?
2, 13, 17
Suppose -85*p + 498642 = -38643. List the prime factors of p.
3, 7, 43
Let c(a) = -18*a + 4. Suppose 5*w + 25 = 0, -4*i - i + 70 = 3*w. Let b = -22 + i. List the prime factors of c(b).
2, 47
Let x be ((-16)/6 + 1)*(-30 + -75). Suppose -70 = -0*f + 2*f. Let h = x + f. What are the prime factors of h?
2, 5, 7
Let n = -17318 - -29061. What are the prime factors of n?
11743
Suppose 18 = 7*m - m. What are the prime factors of (-524)/10*10/m*-3?
2, 131
Let c = 6682 - 3262. Suppose 26*a - 36*a = -c. List the prime factors of a.
2, 3, 19
Suppose 678*t - 1328200 = 620*t. List the prime factors of t.
2, 5, 229
Let c = 40 + -60. List the prime factors of 772 + (c/1)/(-5).
2, 97
Let i(w) = -173*w + 11. Let b be i(1). Let a = b - -171. What are the prime factors of a?
3
Suppose -1061 = 4*h + 4*i - 5417, -4*h - i = -4344. Suppose -65 = -5*n + h. List the prime factors of n.
2, 5, 23
Suppose 11*x = 213 + 337. Suppose 43*u - x*u + 6685 = 0. List the prime factors of u.
5, 191
Let m(y) = -3*y**3 + 2*y**2 + 3*y + 1. Let s be m(3). Let f = -24 - -164. Let b = s + f. What are the prime factors of b?
3, 29
Let o be ((-5 - (-1 + 2))/(-3))/1. Suppose -o*y - 214 = -w - 3*y, 4*w - y = 841. What are the prime factors of w?
211
Let q(i) = -9469*i + 25 + 18934*i - 9469*i + i**2. Let v(w) = 5*w + 3. Let p be v(-2). List the prime factors of q(p).
2, 3, 17
Suppose -2*s - 2*s - 282 = -2*j, -s = 3*j + 53. Let d = s - -73. Suppose n - 177 = -3*y + 132, d*y + 3*n - 519 = 0. List the prime factors of y.
2, 3, 17
Let g(l) be the second derivative of l**5/20 + l**4/4 + l**3/6 + 5*l**2/2 - 16*l. Let h be g(-3). Suppose h*a + 2*a - 216 = 0. What are the prime factors of a?
2, 3
Suppose -29*f + 65 = 7. Suppose -22*t = -f*t - 6680. List the prime factors of t.
2, 167
Let c = -95 - -495. What are the prime factors of ((-138)/(-5))/(12/c*2)?
2, 5, 23
Suppose 3*c - 158*j = -160*j + 64758, -2*j - 6 = 0. What are the prime factors of c?
2, 3, 7, 257
Let i = 1577 + -1110. Let q = i + -138. What are the prime factors of q?
7, 47
Suppose 0 = 20*h - 72791 + 3625 - 117034. What are the prime factors of h?
2, 5, 7, 19
Let w(b) = -b**3 + 16*b**2 + 37*b - 18. Let g be w(18). Suppose g*h - 4*j - 28 = 3*h, -3*h - 2*j - 26 = 0. List the prime factors of (-1 - ((-3564)/h)/9)*-2.
101
Suppose 110*w - 3160238 = 1160782. What are the prime factors of w?
2, 3, 6547
Let g(k) = k**2 - 16*k - 130. Let z be g(-6). Suppose 434 = z*c + 4*u - 3*u, -4*u = 16. What are the prime factors of c?
3, 73
Let z = 34 + -52. What are the prime factors of 6/z - (-705)/9?
2, 3, 13
Suppose 0 = 4*s + 2*k - 9356, 4*k - 11692 = -9*s + 4*s. List the prime factors of s.
2, 3, 5, 13
Suppose 8*w = 10146 + 98438. What are the prime factors of w?
7, 277
Suppose -16*v - 72 = -24. What are the prime factors of (-4)/12 - -1006*v/(-9)?
5, 67
Let r(c) = 16 - 53*c + 4*c - 37. List the prime factors of r(-11).
2, 7, 37
Suppose 0 = 7*j - 4*j. Let m be 254/(-4)*(-2 - j). Suppose 0 = -2*n - 31 + m. What are the prime factors of n?
2, 3
Let w(t) = 25*t**2 - 30*t - 89. What are the prime factors of w(-15)?
2, 41, 73
Suppose 160*q - 107*q = 88*q - 1399720. What are the prime factors of q?
2, 4999
Suppose -4*j + 3*u - 129 = -565, 4*j - 436 = -u. Let q = -60 + j. Suppose -29 + q = 4*c. What are the prime factors of c?
5
What are the prime factors of ((-443)/(-1772))/((-2)/(-11808))?
2, 3, 41
Let c(s) = 4*s + 38. Let y(v) = -v**3 + 6*v + 4. Let g be y(-2). What are the prime factors of c(g)?
2, 19
Let d = 337 + -306. Suppose o - d*o + 4320 = 0. List the prime factors of o.
2, 3
Let i(c) = 497*c + 262. List the prime factors of i(10).
2, 3, 109
Suppose -382*w = -3*c - 380*w + 15227, 3*w = 3*c - 15222. List the prime factors of c.
3, 1693
Let o = 13 - 396. Let z = o + 674. What are the prime factors of z?
3, 97
Let m(l) be the second derivative of l**4/2 - 4*l**3/3 - 17*l**2 + 103*l - 1. What are the prime factors of m(-6)?
2, 5, 23
Suppose -18*r = 6 - 42. List the prime factors of (-429)/117*(r + -8).
2, 11
Suppose 0 = 160*d - 1253709 + 241069. List the prime factors of d.
6329
Let v(a) = 9 - 14*a + 2*a + 9*a + 10*a. Let x be (((-20)/8)/(-1))/(1/2). What are the prime factors of v(x)?
2, 11
Let p(u) = -326*u - 814. What are the prime factors of p(-32)?
2, 3, 7, 229
What are the prime factors of 16/14 - 904254/(-91)?
2, 4969
Let t = 238 - 148. Let y = t + -85. Suppose -u + 6*u = -3*b + 1176, -2*u - y*b = -478. List the prime factors of u.
2, 3, 13
List the prime factors of (42/(-12))/(28/(-48)) + 3036.
2, 3, 13
Let j(w) = 17*w**2 + 11*w - 111. Suppose x - 8 - 9 = 4*z, -3*x = -4*z - 35. What are the prime factors of j(x)?
3, 5, 7, 13
Let z(y) = -y**3 - 5*y**2 - 4*y + 4. Let p be z(-4). Let h(b) = -b**3 - 4*b**2 + 3*b + 366. Let v be h(0). Suppose p*t - v = 54. List the prime factors of t.
3, 5, 7
Let z(r) = 20*r - 198. Let k be z(48). List the prime factors of k + 18*(-7)/(-21).
2, 3
What are the prime factors of (-12)/(-18)*(13658 - 14)?
2, 3, 379
Suppose -215*d + 221*d = 6. List the prime factors of (-639)/9*(d - 4).
3, 71
Suppose 20910 + 64715 = 25*g. List the prime factors of g.
5, 137
What are the prime factors of (-33 - -1)/(180/(-135))?
2, 3
Let f be (-3)/(-1)*58708/(-78). Let z = -1041 - f. What are the prime factors of z?
1217
Let y(f) = -f**3 + 14*f**2 - 24*f + 2. Suppose 37 = 3*z + 1. Let l be y(z). What are the prime factors of (7 + (-6)/4)/(l/12)?
3, 11
Suppose -6*b - 56 = b. Let f be 6 + b - 1*-6. What are the prime factors of 123*f/(-8)*10/(-3)?
5, 41
Let m(s) = -s**3 + 80*s**2 + 328*s + 402. What are the prime factors of m(81)?
3, 6803
Let t(g) = -g**3 + 9*g**2 + 10*g + 2. Let d = -32 - -42. Let a be t(d). What are the prime factors of 6*(-23)/(-4)*a?
3, 23
Suppose -5*s = 3*i - 5, 0 = 6*i - 2*i + 4*s - 12. Suppose i - 98 = -y. List the prime factors of y.
3, 31
Suppose -39 = -o + 2*y - 38, -o - 2 = -3*y. Suppose j - 218 = 2*h - j, -h = -4*j + 121. What are the prime factors of (-2)/o + 3/(h/(-2425))?
3, 23
Suppose -11 + 119 = 4*q. Suppose q + 59 = a. List the prime factors of (a/(-4))/(1 - 9/6).
43
Let t be 12/(-15) - (-16)/20. Suppose t*p = 10*p - 3180. Let a = -221 + p. List the prime factors of a.
97
Let r = 6 + -6. Suppose -2*j + 2*p = 32, j + 0*j + 2*p + 7 = r. What are the prime factors of (-9)/(-4)*(-260)/j?
3, 5
Let u(k) = 4*k**2 + 23*k - 19. Let t be u(-21). Let p = 1940 - t. List the prime factors of p.
2, 3, 113
Suppose 9104 = 6*j + 10*j. Let h = j + -157. List the prime factors of h.
2, 103
Let f(b) be the first derivative of 1273*b**2/2 - 25*b - 250. What are the prime factors of f(1)?
2, 3, 13
Suppose 0 = 4*u + 3*a - 2*a - 37154, -u = a - 9290. What are the prime factors of (-3)/((-2145)/u - 10/(-45))?
2, 43
Suppose -2*c + 1074 = 3*t, -2*t - t = 0. Let b = -239 + c. List the prime factors of b.
2, 149
Suppose x - 727 - 135 = -3*h, -5*h - x + 1436 = 0. Suppose -5*c = 3*w - 1654, -3*w - 33 = -c + h. Let t = c + -137. List the prime factors of t.
2, 3
Let i = 5114 - 1832. List the prime factors of i.
2, 3, 547
Let z = -2442 + 3776. What are the prime factors of z?
2, 23, 29
Suppose 4*j - 12 = -j - 2*y, -2*y - 4 = -3*j. Suppose 366 = 2*h + o - 3*o, -10 = -j*o. What are the prime factors of h?
2, 47
Let k = 6303 + -4541. What are the prime factors of k?
2, 881
Let q = -86338 + 168315. What are the prime factors of q?
7, 239
List the prime factors of ((-786)/(-4))/((-62)/1302 - 2/(-24)).
2, 3, 7, 131
Suppose 21*v - 126 = 15*v. Let z(u) = 2*u**2 - 36*u - 3. List the prime factors of z(v).
3, 41
Suppose 0 = f - 2*u + 7, 5*u - 10 = 10. What are the prime factors of (30/5